undred thousands digit of 284223227?
2
What is the ten thousands digit of 1298332874?
3
What is the hundred millions digit of 1128780161?
1
What is the hundreds digit of 36580018?
0
What is the thousands digit of 10200026?
0
What is the ten thousands digit of 2188951862?
5
What is the hundreds digit of 6508947?
9
What is the units digit of 533854109?
9
What is the billions digit of 6754148982?
6
What is the millions digit of 4529128065?
9
What is the billions digit of 4964802898?
4
What is the hundreds digit of 4580210520?
5
What is the units digit of 1303313716?
6
What is the tens digit of 102860065?
6
What is the units digit of 16537523?
3
What is the hundreds digit of 714325424?
4
What is the units digit of 2968089789?
9
What is the hundreds digit of 19596064?
0
What is the hundred thousands digit of 2290533780?
5
What is the hundreds digit of 143198597?
5
What is the hundreds digit of 254790294?
2
What is the ten millions digit of 79216971?
7
What is the hundreds digit of 196671528?
5
What is the millions digit of 1725561767?
5
What is the tens digit of 407889767?
6
What is the thousands digit of 1227541?
7
What is the units digit of 3740116035?
5
What is the hundreds digit of 76926753?
7
What is the ten millions digit of 407363552?
0
What is the tens digit of 881884723?
2
What is the units digit of 769568707?
7
What is the ten thousands digit of 1508907441?
0
What is the hundred thousands digit of 14054578?
0
What is the hundred thousands digit of 206680600?
6
What is the ten millions digit of 1039359942?
3
What is the tens digit of 80903004?
0
What is the millions digit of 853152370?
3
What is the ten thousands digit of 69079725?
7
What is the ten millions digit of 1301927415?
0
What is the millions digit of 40732878?
0
What is the units digit of 4588337?
7
What is the millions digit of 4344633543?
4
What is the ten thousands digit of 46334336?
3
What is the thousands digit of 2105007409?
7
What is the hundreds digit of 4846446471?
4
What is the millions digit of 1370206324?
0
What is the ten millions digit of 780109381?
8
What is the hundred millions digit of 217300589?
2
What is the hundreds digit of 21133866?
8
What is the hundred thousands digit of 1237817300?
8
What is the tens digit of 4071453?
5
What is the tens digit of 387879565?
6
What is the tens digit of 39574095?
9
What is the hundred millions digit of 158662687?
1
What is the ten millions digit of 2049234717?
4
What is the ten thousands digit of 77744399?
4
What is the ten millions digit of 896933729?
9
What is the ten thousands digit of 705415515?
1
What is the hundred thousands digit of 124485735?
4
What is the ten millions digit of 554656200?
5
What is the thousands digit of 19544650?
4
What is the units digit of 3877808057?
7
What is the tens digit of 51126642?
4
What is the millions digit of 55759700?
5
What is the ten millions digit of 2307241801?
0
What is the thousands digit of 882366467?
6
What is the hundred thousands digit of 2095503?
0
What is the thousands digit of 80051021?
1
What is the hundred thousands digit of 1065775779?
7
What is the hundreds digit of 475569894?
8
What is the hundred thousands digit of 612285844?
2
What is the hundred thousands digit of 36148786?
1
What is the hundreds digit of 66916435?
4
What is the ten thousands digit of 14689202?
8
What is the ten thousands digit of 369332460?
3
What is the hundreds digit of 267183312?
3
What is the tens digit of 36172447?
4
What is the millions digit of 11520462?
1
What is the hundreds digit of 216896563?
5
What is the tens digit of 1494131971?
7
What is the hundred thousands digit of 521240986?
2
What is the ten thousands digit of 726825243?
2
What is the millions digit of 132200039?
2
What is the units digit of 6469951799?
9
What is the hundred thousands digit of 1136251049?
2
What is the ten thousands digit of 319717235?
1
What is the thousands digit of 2896237399?
7
What is the hundreds digit of 42547700?
7
What is the hundred thousands digit of 534387469?
3
What is the hundred thousands digit of 21881826?
8
What is the tens digit of 3340718106?
0
What is the millions digit of 7074422824?
4
What is the tens digit of 268109534?
3
What is the ten thousands digit of 2455611389?
1
What is the thousands digit of 516216828?
6
What is the tens digit of 55903440?
4
What is the hundred thousands digit of 46516677?
5
What is the hundreds digit of 51050983?
9
What is the tens digit of 1698625753?
5
What is the ten thousands digit of 5387240955?
4
What is the millions digit of 474338558?
4
What is the thousands digit of 34556523?
6
What is the billions digit of 3162229669?
3
What is the hundred millions digit of 104914297?
1
What is the ten millions digit of 497745416?
9
What is the tens digit of 206003058?
5
What is the millions digit of 490034556?
0
What is the ten millions digit of 48494937?
4
What is the millions digit of 76253191?
6
What is the units digit of 4645145965?
5
What is the millions digit of 457624211?
7
What is the ten millions digit of 751210075?
5
What is the millions digit of 573672219?
3
What is the units digit of 319773816?
6
What is the ten millions digit of 148154403?
4
What is the ten thousands digit of 5981404585?
0
What is the hundred millions digit of 4334005755?
3
What is the units digit of 1101399273?
3
What is the hundred millions digit of 318159420?
3
What is the hundred millions digit of 5092200253?
0
What is the millions digit of 166902021?
6
What is the tens digit of 23193832?
3
What is the units digit of 618313170?
0
What is the billions digit of 7296773602?
7
What is the hundreds digit of 841416353?
3
What is the hundred millions digit of 6765059671?
7
What is the hundreds digit of 1110524?
5
What is the ten millions digit of 574552874?
7
What is the ten millions digit of 172694024?
7
What is the hundred thousands digit of 97334941?
3
What is the hundreds digit of 68934655?
6
What is the hundred thousands digit of 48911182?
9
What is the hundreds digit of 1119024233?
2
What is the hundred millions digit of 2958178280?
9
What is the tens digit of 65264410?
1
What is the thousands digit of 7297679436?
9
What is the tens digit of 2196924495?
9
What is the thousands digit of 2556480044?
0
What is the ten thousands digit of 246607616?
0
What is the units digit of 113763302?
2
What is the hundred millions digit of 144931220?
1
What is the units digit of 1029624583?
3
What is the billions digit of 7901330502?
7
What is the millions digit of 381057722?
1
What is the ten millions digit of 60693368?
6
What is the thousands digit of 15505836?
5
What is the hundred millions digit of 211706655?
2
What is the tens digit of 5820533083?
8
What is the millions digit of 40000411?
0
What is the hundreds digit of 1989913077?
0
What is the thousands digit of 4000694447?
4
What is the hundred thousands digit of 6729492?
7
What is the units digit of 3364081737?
7
What is the tens digit of 1227629025?
2
What is the units digit of 128494815?
5
What is the ten thousands digit of 1751161537?
6
What is the units digit of 1286808041?
1
What is the tens digit of 70819055?
5
What is the ten thousands digit of 93190985?
9
What is the thousands digit of 67066383?
6
What is the millions digit of 380338680?
0
What is the thousands digit of 344178983?
8
What is the millions digit of 18370027?
8
What is the tens digit of 19033131?
3
What is the ten thousands digit of 43162117?
6
What is the hundred thousands digit of 2649067846?
0
What is the units digit of 941702048?
8
What is the units digit of 8341225343?
3
What is the millions digit of 2738545155?
8
What is the tens digit of 155276792?
9
What is the ten millions digit of 462467695?
6
What is the tens digit of 51957109?
0
What is the tens digit of 7618957561?
6
What is the hundreds digit of 82415613?
6
What is the tens digit of 509960270?
7
What is the millions digit of 8641489?
8
What is the hundred millions digit of 577782406?
5
What is the hundred thousands digit of 2686226976?
2
What is the ten thousands digit of 247343609?
4
What is the ten thousands digit of 170449957?
4
What is the hundreds digit of 291946391?
3
What is the hundred millions digit of 3224979228?
2
What is the hundreds digit of 13288182?
1
What is the hundreds digit of 13714585